 2*k**2 - 6 + 0*k + 7*k. Let t be s(5). Suppose t*q - 6 - 34 = 0. List the prime factors of q.
2, 5
Let u be 3/(3/471*1). Suppose -2*a = a + 2*v - 471, v - u = -3*a. What are the prime factors of a?
157
Suppose -3*b + 391 = 55. What are the prime factors of 8/(-3 + 1) + b?
2, 3
Suppose 4*v + 205 + 67 = 0. Let o = -9 - v. What are the prime factors of o?
59
Let l = 365 + -205. List the prime factors of l.
2, 5
Let r(q) = -q**2 + 24*q + 12. What are the prime factors of r(21)?
3, 5
Suppose h + 0*h - 20 = 0. Suppose -4*y - y = -h. List the prime factors of (y/(-5))/1*-60.
2, 3
Let m = 2145 + 613. What are the prime factors of m?
2, 7, 197
What are the prime factors of (-1 - (-558)/(-4))/((-8)/16)?
281
Let p(t) = 5*t + 2. Let v be p(6). Suppose 187 = 8*x - 421. Suppose 0 = 4*b - x - v. What are the prime factors of b?
3
List the prime factors of ((-25)/(-3) - 9)*(-1917)/2.
3, 71
Let k = 20 + -21. List the prime factors of (4/10 - (-294)/(-10))*k.
29
Let x = -447 - -639. Suppose x = 5*h - 128. What are the prime factors of h?
2
Let a(i) be the second derivative of 0 + 7*i + 5/2*i**3 - 1/12*i**4 - 9*i**2. List the prime factors of a(12).
2, 3
Let l = 22 - 34. Suppose 8*z + 1 = 17. List the prime factors of ((-150)/l)/(z/4).
5
List the prime factors of ((-4)/18 - (-1434294)/486) + -6.
5, 19, 31
Suppose 174*p = 182*p - 26656. What are the prime factors of p?
2, 7, 17
Suppose 531 = 3*y + 3*m, 5*y + 3*m - 845 = 6*m. Let k = -352 + 235. Let f = k + y. List the prime factors of f.
5, 11
Let m(i) = -2*i + 13. Suppose 3*z = -z - 28. List the prime factors of m(z).
3
List the prime factors of (10/(-4))/(75/(-47550)).
5, 317
Suppose -6 = -2*r + 14. Let h = 18 - r. Let t(k) = -k**3 + 8*k**2 + 4*k - 8. List the prime factors of t(h).
2, 3
Let m = 5198 - 2829. What are the prime factors of m?
23, 103
Let u be 0 - (-18 - -3) - -2. Suppose -163 = -3*s + u. What are the prime factors of s?
2, 3, 5
Suppose 0 = 4*l - 5*n - 7, -l = -0*n + 3*n - 6. Suppose -h - 36 = -l*h. What are the prime factors of h?
2, 3
Suppose 7 = -i + 3*j, -i - 2*j = i - 10. Suppose 9 = -i*m + 79. List the prime factors of m.
5, 7
Suppose 4*k - g - 123 + 3 = 0, k + 3*g = 30. Suppose -5*i = -2*i - k. List the prime factors of i.
2, 5
Let f(a) = a + 69. Let t be f(-24). What are the prime factors of 3/2*6990/t?
233
What are the prime factors of ((-5)/15 - -4)*144?
2, 3, 11
Let p be 2/15 + ((-460)/75 - -6). Let d(m) = m - 3. Let i be d(5). Suppose -3*n = a + 4*a - 101, i*n - a - 50 = p. What are the prime factors of n?
3
Let o(t) be the third derivative of -t**6/120 - t**5/30 - t**4/8 - 2*t**2. List the prime factors of o(-4).
2, 11
Suppose 36*p + 215 = 41*p. Suppose -p - 13 = -7*z. What are the prime factors of z?
2
Suppose 9*a = -2087 + 11546. What are the prime factors of a?
1051
Let l(w) = w**3 - 43*w**2 + 13*w - 105. What are the prime factors of l(43)?
2, 227
Let d(l) = 2*l**2 + 32*l + 213. List the prime factors of d(-7).
3, 29
Let y be 2 + 3*(-1)/(12/(-16)). Suppose -y*l + 27 = -3. What are the prime factors of l?
5
Let i(g) = -89*g + 10. List the prime factors of i(-5).
5, 7, 13
Let u(t) = -5*t**2 - 8*t - 3. Let b(f) = 4*f**2 + 7*f + 3. Let w(q) = -6*b(q) - 5*u(q). What are the prime factors of w(-3)?
2, 3
Suppose 3*u - 5424 = 5880. Suppose u = -8*a + 20*a. List the prime factors of a.
2, 157
Suppose -4*v - 4 = 4. Let n be 144/3 - (v - -6). Suppose l = -19 + n. What are the prime factors of l?
5
What are the prime factors of (4/1)/(100/52775)?
2111
Let z(t) = -t**3 + 25*t**2 - 7*t + 188. List the prime factors of z(18).
2, 5, 233
Let k = -148 + 320. Suppose -k = -4*r + 48. What are the prime factors of r?
5, 11
Let a = 2090 + -171. What are the prime factors of a?
19, 101
Let k be (-3 + (5 + 1 - 4))*-115. Let p = k - 62. List the prime factors of p.
53
Suppose 56*a - 20052 = 38*a. List the prime factors of a.
2, 557
Suppose c + 3*g = 420 + 121, -1659 = -3*c + 3*g. List the prime factors of c.
2, 5, 11
Let t(p) = 2*p + 1. Let q be t(2). Let s = q - 2. Suppose f + 2*v = -3*f + 52, f = s*v - 1. List the prime factors of f.
11
Let f(n) = 3*n + 9. Suppose -x + 6 + 0 = 0. Suppose 0 = -s - 0*s + x. What are the prime factors of f(s)?
3
Suppose -97 = -2*l - 5*t, 5*t + 86 = 25*l - 24*l. List the prime factors of l.
61
Let d(k) = k**2 - k - 34. What are the prime factors of d(19)?
2, 7, 11
Suppose -999*h = -996*h - 504. List the prime factors of h.
2, 3, 7
Suppose -5*g + 9 = -2*g. Let r = 41 - 37. Suppose -48 = -g*h + 3*o, -r*o + 0*o = h - 36. List the prime factors of h.
2, 5
Let f(t) = -3*t**2 - 3*t - 1. Let i be f(-4). Let l = -3 - i. Suppose -l = 2*d - 92. What are the prime factors of d?
29
Let y(n) = -8*n**3 + 2 + 0*n**2 + 11*n**3 - 4*n**3 + n**2. Let q be y(0). What are the prime factors of 16/1 + q/1?
2, 3
Suppose 18 = -o - 2*o. Let w be ((-26)/o)/(2/6). Let d = w + 30. What are the prime factors of d?
43
Let i be (-4652)/(-36) + 2/(-9). Suppose 2*u = -u + i. What are the prime factors of u?
43
Let z(g) = 2*g**2 + 4*g. Let w be z(3). Let j = 32 - w. Suppose 4*n = j + 14. List the prime factors of n.
2
Let q be (-2)/((-8)/(-4))*-7. Let s = 42 - q. List the prime factors of s.
5, 7
Let g = 9 + 56. What are the prime factors of g?
5, 13
Let d be (-2 + 3 - 2) + 1. Suppose -4*s - 2*j - 1380 = -4*j, s + 5*j + 356 = d. What are the prime factors of s/(-18) + (-6)/27?
19
Let g(r) be the second derivative of -9/2*r**2 + 0 + 1/4*r**4 + 11*r - r**3. List the prime factors of g(-4).
3, 7
Let s = -362 + 617. What are the prime factors of s?
3, 5, 17
Let l = 15 - 12. Suppose l*n = 9*n - 780. List the prime factors of n.
2, 5, 13
Let k = -4 + 6. Suppose -2*x - 136 = -5*b, -3*x - 274 = k*x + 4*b. Let r = -37 - x. List the prime factors of r.
3, 7
Let r(n) = -n**3 + 6*n**2 + 8*n + 2. Let h be r(7). Let a(j) = 10*j + 13*j**2 - h*j**2 - 3*j**2 - 3. List the prime factors of a(-11).
2
Let j = -10108 - -14251. What are the prime factors of j?
3, 1381
Let t(k) = -7*k + 10. Suppose 14 = x + 3. Let b(l) = 21*l - 29. Let v(w) = x*t(w) + 4*b(w). List the prime factors of v(6).
2, 3
Suppose 102 = -5*s + 22. Let n be (-10)/4*s/20. Suppose -z + 3*z - 74 = n*q, 0 = 5*z + 4*q - 140. What are the prime factors of z?
2
Let v = 638 - 441. What are the prime factors of v?
197
Let h be -1 + (-1 - 2) - 6. Let v be (-261)/(-45) + (-2)/h. List the prime factors of ((-16)/v)/((-3)/36).
2
Let o(y) = -y**3 - 12*y**2 - y - 7. Let i be o(-12). Suppose -i*t = -2*b + 36, 2*t + 54 = 3*b - 0*b. Let m = 29 - b. What are the prime factors of m?
11
Let q(s) = -s**3 - 2*s**2 - 1. Let h be q(-3). Let p(u) = u**3 - 7*u**2 - 5*u + 12. List the prime factors of p(h).
2, 3
Let l be 0/((4/2)/2). Suppose -26 + 142 = 4*c - b, l = -5*b. What are the prime factors of c?
29
Let q(t) = 25*t**2 - 1 - t**2 + 57*t**2. List the prime factors of q(1).
2, 5
Let w(c) = 12*c**2 + 4*c - 8. Let f be w(5). Suppose 0*a + 4*a = f. List the prime factors of a.
2, 3, 13
Let i be (-10)/(-4)*12/10. Suppose -8 = -0*l - 4*l - 4*o, i*l - 6 = 4*o. List the prime factors of l.
2
Let h(z) = -13*z - 7. Let a be h(-3). Suppose 5*n + 33 = -a. Let u = 20 + n. List the prime factors of u.
7
Suppose -8*m + 3213 = -5995. What are the prime factors of m?
1151
Let s(x) = x**2 - x. Let i be s(2). Suppose 3*k = 4*v, 0*v - i*k = -3*v + 1. What are the prime factors of v?
3
Suppose q = -4*q + 3*c + 2097, -2*q + 844 = 4*c. What are the prime factors of q?
2, 3, 5, 7
Let t(o) = 7*o**2 - 125*o + 18. List the prime factors of t(21).
2, 3, 5
Let u(x) = 347*x - 16. Let z be u(9). List the prime factors of 2/(-14) - z/(-91).
2, 17
Let g(f) = 3933*f**2 - 31*f - 30. List the prime factors of g(-1).
2, 7, 281
Let a be (-612)/(-17)*(-23)/(-2). Suppose 316 = 3*w - 2*v, w - a = -3*w - v. What are the prime factors of w?
2, 13
Suppose -4*q + 3158 = -2*h, 3*q + 0*q - 5*h - 2379 = 0. List the prime factors of q.
2, 197
Suppose 3*t - 7*t - 476 = 0. Let f = t - -176. List the prime factors of f.
3, 19
Suppose 2*v - 14 + 2 = 0. Suppose v = 4*s - s. Suppose s*b - b = 39. What are the prime factors of b?
3, 13
Let f(c) = -2*c**3 + 28*c**2 + 10*c - 160. Let r be f(14). Let d = 56 - 26. Let b = r + d. What are the prime factors of b?
2, 5
Let w(g) = -g**3 + 11*g**2 - 11*g + 12. Let i be w(10). Suppose 2 = 